{"id":79,"date":"2024-11-19T19:31:25","date_gmt":"2024-11-19T19:31:25","guid":{"rendered":"https:\/\/www.sukellusseuraahti.fi\/?page_id=79"},"modified":"2026-02-13T07:25:18","modified_gmt":"2026-02-13T07:25:18","slug":"hallitus","status":"publish","type":"page","link":"https:\/\/www.sukellusseuraahti.fi\/index.php\/hallitus\/","title":{"rendered":"Hallitus"},"content":{"rendered":"\n<div class=\"wp-block-group alignfull has-accent-background-color has-background\" style=\"margin-top:0;margin-bottom:0;padding-top:var(--wp--preset--spacing--50);padding-right:var(--wp--preset--spacing--50);padding-bottom:var(--wp--preset--spacing--50);padding-left:var(--wp--preset--spacing--50)\"><div class=\"wp-block-group__inner-container is-layout-constrained wp-container-core-group-is-layout-3 wp-block-group-is-layout-constrained\">\n<div class=\"wp-block-columns alignwide is-layout-flex wp-container-core-columns-is-layout-1 wp-block-columns-is-layout-flex\">\n<div class=\"wp-block-column is-vertically-aligned-stretch is-layout-flow wp-block-column-is-layout-flow\" style=\"flex-basis:50%\">\n<div class=\"wp-block-group is-vertical is-content-justification-stretch is-layout-flex wp-container-core-group-is-layout-2 wp-block-group-is-layout-flex\" style=\"min-height:100%\">\n<p class=\"has-heading-font-family has-large-font-size\" style=\"line-height:1.2\">Sukellusseura Ahti ry.<\/p>\n\n\n\n<ul class=\"wp-block-list\">\n<li>Niina Haapala, puheenjohtaja p. 044-5041421<\/li>\n\n\n\n<li>Mari Myllyl\u00e4, sihteeri\/j\u00e4senasiat\/rahastonhoitaja<\/li>\n\n\n\n<li>Joni Arvola<\/li>\n\n\n\n<li>Aku Myllyl\u00e4<\/li>\n\n\n\n<li>Hannu-Pekka Nevanper\u00e4, venevastaava<\/li>\n\n\n\n<li>Jukka Haapala, koulutus-\/venevastaava<\/li>\n\n\n\n<li>Mikko Poikkim\u00e4ki<\/li>\n\n\n\n<li>Hanna-Leena Kangas, nettisivut\/some<\/li>\n\n\n\n<li>Tuomo Karvonen, varapuheenjohtaja\/venevastaava<\/li>\n\n\n\n<li>Asko Kaakko<\/li>\n<\/ul>\n\n\n\n<p>Toiminnantarkastajat: Tapio Kunelius (Kari-Pekka Estola) ja Sirpa Saarimaa (Olivia Myllyl\u00e4)<\/p>\n\n\n\n<p>sukellusseuraahti@gmail.com<\/p>\n\n\n\n<div class=\"wp-block-group is-content-justification-left\"><div class=\"wp-block-group__inner-container is-layout-constrained wp-container-core-group-is-layout-1 wp-block-group-is-layout-constrained\">\n<p class=\"wp-container-content-1\"><\/p>\n\n\n\n<div class=\"wp-block-buttons is-layout-flex wp-block-buttons-is-layout-flex\"><\/div>\n<\/div><\/div>\n<\/div>\n<\/div>\n\n\n\n<div class=\"wp-block-column is-vertically-aligned-center is-layout-flow wp-block-column-is-layout-flow\" style=\"flex-basis:50%\">\n<figure class=\"wp-block-image size-large is-resized is-style-rounded\"><img loading=\"lazy\" decoding=\"async\" width=\"1024\" height=\"1024\" src=\"http:\/\/www.sukellusseuraahti.fi\/wp-content\/uploads\/2024\/10\/1000010445-1024x1024.jpg\" alt=\"\" class=\"wp-image-26\" style=\"aspect-ratio:0.75;object-fit:cover;width:458px;height:auto\" srcset=\"https:\/\/www.sukellusseuraahti.fi\/wp-content\/uploads\/2024\/10\/1000010445-1024x1024.jpg 1024w, https:\/\/www.sukellusseuraahti.fi\/wp-content\/uploads\/2024\/10\/1000010445-300x300.jpg 300w, https:\/\/www.sukellusseuraahti.fi\/wp-content\/uploads\/2024\/10\/1000010445-150x150.jpg 150w, https:\/\/www.sukellusseuraahti.fi\/wp-content\/uploads\/2024\/10\/1000010445-768x768.jpg 768w, https:\/\/www.sukellusseuraahti.fi\/wp-content\/uploads\/2024\/10\/1000010445.jpg 1200w\" sizes=\"auto, (max-width: 1024px) 100vw, 1024px\" \/><\/figure>\n<\/div>\n<\/div>\n<\/div><\/div>\n\n\n\n<p class=\"has-x-large-font-size\">Vapepa<\/p>\n\n\n\n<p>Vapepa (Vapaaehtoinen Pelastuspalvelu) on vapaaehtoisten muodostama organisaatio, joka tukee viranomaisia onnettomuustilanteissa ja h\u00e4t\u00e4avun antamisessa. Vapepa-sukellusryhm\u00e4t koostuvat kokeneista sukeltajista, jotka ovat valmiita auttamaan vedenalaisissa pelastusteht\u00e4viss\u00e4, kuten etsint\u00e4- ja pelastustoiminnassa.<\/p>\n\n\n\n<p>Vapepa-sukellus on t\u00e4rke\u00e4 osa Suomen pelastustoimintaa ja sen teht\u00e4v\u00e4n\u00e4 on muun muassa etsi\u00e4 kadonneita henkil\u00f6it\u00e4 vesist\u00f6ist\u00e4, avustaa onnettomuuspaikoilla ja osallistua vaarallisten vesist\u00f6tilanteiden hallintaan. Sukeltajat ovat saaneet erityiskoulutusta pelastus- ja ensiaputeht\u00e4viin, ja heid\u00e4n kalustonsa ja varusteensa vastaavat vaativia pelastusteht\u00e4vi\u00e4.<\/p>\n\n\n\n<p>Vapepa-sukellusryhm\u00e4t tekev\u00e4t tiivist\u00e4 yhteisty\u00f6t\u00e4 pelastuslaitosten ja muiden viranomaisten kanssa. Vapaaehtoisten sukeltajien rooli on korvaamaton erityisesti silloin, kun tarvitaan lis\u00e4resursseja suurissa etsint\u00e4- ja pelastustoimissa.<\/p>\n\n\n\n<p>Vapepassa toimiminen tarjoaa mahdollisuuden auttaa muita ja osallistua t\u00e4rke\u00e4\u00e4n yhteiskunnalliseen teht\u00e4v\u00e4\u00e4n.<\/p>\n\n\n\n<p>Sukellusseuramme Vapepa -ryhm\u00e4:<\/p>\n\n\n\n<ul class=\"wp-block-list\">\n<li>Antero Salo, h\u00e4lytysryhm\u00e4n yhteyshenkil\u00f6 p. 0400-388 386<\/li>\n\n\n\n<li>Henna Lempi\u00e4inen<\/li>\n\n\n\n<li>Hannu-Pekka Nevanper\u00e4<\/li>\n\n\n\n<li>Juho Penttil\u00e4<\/li>\n\n\n\n<li>Jarkko Huhtala<\/li>\n\n\n\n<li>Noora Syd\u00e4nmets\u00e4<\/li>\n\n\n\n<li>Markus Rasmus<\/li>\n\n\n\n<li>Joni Arvola<\/li>\n<\/ul>\n","protected":false},"excerpt":{"rendered":"<p>Sukellusseura Ahti ry. Toiminnantarkastajat: Tapio Kunelius (Kari-Pekka Estola) ja Sirpa Saarimaa (Olivia Myllyl\u00e4) sukellusseuraahti@gmail.com Vapepa Vapepa (Vapaaehtoinen Pelastuspalvelu) on vapaaehtoisten muodostama organisaatio, joka tukee viranomaisia onnettomuustilanteissa ja h\u00e4t\u00e4avun antamisessa. Vapepa-sukellusryhm\u00e4t koostuvat kokeneista sukeltajista, jotka ovat valmiita auttamaan vedenalaisissa pelastusteht\u00e4viss\u00e4, kuten etsint\u00e4- ja pelastustoiminnassa. Vapepa-sukellus on t\u00e4rke\u00e4 osa Suomen pelastustoimintaa ja sen teht\u00e4v\u00e4n\u00e4 on muun muassa [&hellip;]<\/p>\n","protected":false},"author":1,"featured_media":0,"parent":0,"menu_order":0,"comment_status":"closed","ping_status":"closed","template":"","meta":{"footnotes":""},"class_list":["post-79","page","type-page","status-publish","hentry"],"_links":{"self":[{"href":"https:\/\/www.sukellusseuraahti.fi\/index.php\/wp-json\/wp\/v2\/pages\/79","targetHints":{"allow":["GET"]}}],"collection":[{"href":"https:\/\/www.sukellusseuraahti.fi\/index.php\/wp-json\/wp\/v2\/pages"}],"about":[{"href":"https:\/\/www.sukellusseuraahti.fi\/index.php\/wp-json\/wp\/v2\/types\/page"}],"author":[{"embeddable":true,"href":"https:\/\/www.sukellusseuraahti.fi\/index.php\/wp-json\/wp\/v2\/users\/1"}],"replies":[{"embeddable":true,"href":"https:\/\/www.sukellusseuraahti.fi\/index.php\/wp-json\/wp\/v2\/comments?post=79"}],"version-history":[{"count":9,"href":"https:\/\/www.sukellusseuraahti.fi\/index.php\/wp-json\/wp\/v2\/pages\/79\/revisions"}],"predecessor-version":[{"id":343,"href":"https:\/\/www.sukellusseuraahti.fi\/index.php\/wp-json\/wp\/v2\/pages\/79\/revisions\/343"}],"wp:attachment":[{"href":"https:\/\/www.sukellusseuraahti.fi\/index.php\/wp-json\/wp\/v2\/media?parent=79"}],"curies":[{"name":"wp","href":"https:\/\/api.w.org\/{rel}","templated":true}]}}