{"id":195,"date":"2025-02-05T10:23:26","date_gmt":"2025-02-05T10:23:26","guid":{"rendered":"https:\/\/www.sukellusseuraahti.fi\/?page_id=195"},"modified":"2025-02-05T10:23:26","modified_gmt":"2025-02-05T10:23:26","slug":"lehtileikkeita","status":"publish","type":"page","link":"http:\/\/www.sukellusseuraahti.fi\/index.php\/lehtileikkeita\/","title":{"rendered":"Lehtileikkeit\u00e4&#8230;"},"content":{"rendered":"\n<figure class=\"wp-block-image size-large\"><img loading=\"lazy\" decoding=\"async\" width=\"1024\" height=\"742\" src=\"http:\/\/www.sukellusseuraahti.fi\/wp-content\/uploads\/2025\/02\/Lehtijuttu-sukellusintro-1024x742.png\" alt=\"\" class=\"wp-image-208\" srcset=\"http:\/\/www.sukellusseuraahti.fi\/wp-content\/uploads\/2025\/02\/Lehtijuttu-sukellusintro-1024x742.png 1024w, http:\/\/www.sukellusseuraahti.fi\/wp-content\/uploads\/2025\/02\/Lehtijuttu-sukellusintro-300x218.png 300w, http:\/\/www.sukellusseuraahti.fi\/wp-content\/uploads\/2025\/02\/Lehtijuttu-sukellusintro-768x557.png 768w, http:\/\/www.sukellusseuraahti.fi\/wp-content\/uploads\/2025\/02\/Lehtijuttu-sukellusintro.png 1153w\" sizes=\"auto, (max-width: 1024px) 100vw, 1024px\" \/><\/figure>\n\n\n\n<figure class=\"wp-block-image size-full\"><img loading=\"lazy\" decoding=\"async\" width=\"590\" height=\"516\" src=\"http:\/\/www.sukellusseuraahti.fi\/wp-content\/uploads\/2025\/02\/Lehtijuttu-Haapala-Jukka.png\" alt=\"\" class=\"wp-image-206\" srcset=\"http:\/\/www.sukellusseuraahti.fi\/wp-content\/uploads\/2025\/02\/Lehtijuttu-Haapala-Jukka.png 590w, http:\/\/www.sukellusseuraahti.fi\/wp-content\/uploads\/2025\/02\/Lehtijuttu-Haapala-Jukka-300x262.png 300w\" sizes=\"auto, (max-width: 590px) 100vw, 590px\" \/><\/figure>\n\n\n\n<figure class=\"wp-block-image size-full\"><img loading=\"lazy\" decoding=\"async\" width=\"483\" height=\"404\" src=\"http:\/\/www.sukellusseuraahti.fi\/wp-content\/uploads\/2025\/02\/Lehtijuttu-Koutonen.png\" alt=\"\" class=\"wp-image-207\" srcset=\"http:\/\/www.sukellusseuraahti.fi\/wp-content\/uploads\/2025\/02\/Lehtijuttu-Koutonen.png 483w, http:\/\/www.sukellusseuraahti.fi\/wp-content\/uploads\/2025\/02\/Lehtijuttu-Koutonen-300x251.png 300w\" sizes=\"auto, (max-width: 483px) 100vw, 483px\" \/><\/figure>\n\n\n\n<figure class=\"wp-block-image size-full\"><img loading=\"lazy\" decoding=\"async\" width=\"419\" height=\"600\" src=\"http:\/\/www.sukellusseuraahti.fi\/wp-content\/uploads\/2025\/02\/Intro-lehtikuva.png\" alt=\"\" class=\"wp-image-204\" srcset=\"http:\/\/www.sukellusseuraahti.fi\/wp-content\/uploads\/2025\/02\/Intro-lehtikuva.png 419w, http:\/\/www.sukellusseuraahti.fi\/wp-content\/uploads\/2025\/02\/Intro-lehtikuva-210x300.png 210w\" sizes=\"auto, (max-width: 419px) 100vw, 419px\" \/><\/figure>\n\n\n\n<figure class=\"wp-block-image size-full\"><img loading=\"lazy\" decoding=\"async\" width=\"629\" height=\"575\" src=\"http:\/\/www.sukellusseuraahti.fi\/wp-content\/uploads\/2025\/02\/introkuva.png\" alt=\"\" class=\"wp-image-205\" srcset=\"http:\/\/www.sukellusseuraahti.fi\/wp-content\/uploads\/2025\/02\/introkuva.png 629w, http:\/\/www.sukellusseuraahti.fi\/wp-content\/uploads\/2025\/02\/introkuva-300x274.png 300w\" sizes=\"auto, (max-width: 629px) 100vw, 629px\" \/><\/figure>\n\n\n\n<p>Onko sinulla tallessa lehtijuttuja sukellusseuramme toiminnasta? Voit l\u00e4hett\u00e4\u00e4 niit\u00e4 osoitteeseen <strong>sukellusseuraahti@gmail.com<\/strong> .<\/p>\n","protected":false},"excerpt":{"rendered":"<p>Onko sinulla tallessa lehtijuttuja sukellusseuramme toiminnasta? Voit l\u00e4hett\u00e4\u00e4 niit\u00e4 osoitteeseen sukellusseuraahti@gmail.com .<\/p>\n","protected":false},"author":1,"featured_media":0,"parent":0,"menu_order":0,"comment_status":"closed","ping_status":"closed","template":"","meta":{"footnotes":""},"class_list":["post-195","page","type-page","status-publish","hentry"],"_links":{"self":[{"href":"http:\/\/www.sukellusseuraahti.fi\/index.php\/wp-json\/wp\/v2\/pages\/195","targetHints":{"allow":["GET"]}}],"collection":[{"href":"http:\/\/www.sukellusseuraahti.fi\/index.php\/wp-json\/wp\/v2\/pages"}],"about":[{"href":"http:\/\/www.sukellusseuraahti.fi\/index.php\/wp-json\/wp\/v2\/types\/page"}],"author":[{"embeddable":true,"href":"http:\/\/www.sukellusseuraahti.fi\/index.php\/wp-json\/wp\/v2\/users\/1"}],"replies":[{"embeddable":true,"href":"http:\/\/www.sukellusseuraahti.fi\/index.php\/wp-json\/wp\/v2\/comments?post=195"}],"version-history":[{"count":4,"href":"http:\/\/www.sukellusseuraahti.fi\/index.php\/wp-json\/wp\/v2\/pages\/195\/revisions"}],"predecessor-version":[{"id":210,"href":"http:\/\/www.sukellusseuraahti.fi\/index.php\/wp-json\/wp\/v2\/pages\/195\/revisions\/210"}],"wp:attachment":[{"href":"http:\/\/www.sukellusseuraahti.fi\/index.php\/wp-json\/wp\/v2\/media?parent=195"}],"curies":[{"name":"wp","href":"https:\/\/api.w.org\/{rel}","templated":true}]}}